{"id":18945,"date":"2022-01-17T09:00:04","date_gmt":"2022-01-17T08:00:04","guid":{"rendered":"https:\/\/pujcovna-neoprenu.cz\/?page_id=18945"},"modified":"2022-01-17T09:04:02","modified_gmt":"2022-01-17T08:04:02","slug":"18945-2","status":"publish","type":"page","link":"https:\/\/pujcovna-neoprenu.cz\/?page_id=18945","title":{"rendered":"GoPro Hero 10 Black"},"content":{"rendered":"<p>[vc_row][vc_column width=&#8220;1\/2&#8243;][vc_gallery interval=&#8220;10&#8243; images=&#8220;18947,18948&#8243; img_size=&#8220;large&#8220;][\/vc_column][vc_column width=&#8220;1\/2&#8243;]<div class=\"fl-vc-custom-title-container text-left\" ><div class=\"fl-title-vc vc-default-title fl-font-style-bolt\" >GoPro Hero 10 Black<\/div><\/div><div class=\"fl-vc-responsive--gap cf\"  style=height:20px;><\/div><div class=\"fl_custom_text__block fl-custom-text-69e38eff58e47-2250\" ><p>Kamera je ur\u010den\u00e1 nejen pro b\u011b\u017en\u00e9 u\u017eivatele, kte\u0159\u00ed up\u0159ednostn\u00ed jednoduch\u00e9 ovl\u00e1d\u00e1n\u00ed, ale i pro n\u00e1ro\u010dn\u011bj\u0161\u00ed u\u017eivatele, kte\u0159\u00ed po\u017eaduj\u00ed p\u0159edev\u0161\u00edm vysokou kvalitu po\u0159\u00edzen\u00e9ho materi\u00e1lu.<br \/>\nS kamerou GoPro HERO budete spokojeni a\u0165 budete nat\u00e1\u010det kdekoli a cokoli. Jej\u00ed hlavn\u00ed v\u00fdhodou je kompaktnost, jednoduchost a odolnost.<br \/>\n&#8211; V cen\u011b zap\u016fj\u010den\u00ed Gopra jsou 2 origin\u00e1ln\u00ed baterie, 1x pam\u011b\u0165ov\u00e1 karta (64gb \u2013 mo\u017enost pot\u00e9 odkoupit), du\u00e1ln\u00ed nab\u00edje\u010dka, vodot\u011bsn\u00fd obal, dr\u017e\u00e1ky na p\u0159ichycen\u00ed pro helmu a prsn\u00ed dr\u017e\u00e1k<\/p>\n<\/div><div class=\"fl-vc-responsive--gap cf\"  style=height:20px;><\/div><div class=\"fl_custom_text__block fl-custom-text-69e38eff58e9a-5198\" ><p><strong>Cena: 250,- K\u010d \/ den<\/strong><\/p>\n<\/div>[\/vc_column][\/vc_row]<\/p>\n","protected":false},"excerpt":{"rendered":"<p>[vc_row][vc_column width=&#8220;1\/2&#8243;][vc_gallery interval=&#8220;10&#8243; images=&#8220;18947,18948&#8243; img_size=&#8220;large&#8220;][\/vc_column][vc_column width=&#8220;1\/2&#8243;][\/vc_column][\/vc_row]<\/p>\n","protected":false},"author":1,"featured_media":0,"parent":0,"menu_order":0,"comment_status":"closed","ping_status":"closed","template":"","meta":{"footnotes":""},"class_list":["post-18945","page","type-page","status-publish","hentry"],"_links":{"self":[{"href":"https:\/\/pujcovna-neoprenu.cz\/index.php?rest_route=\/wp\/v2\/pages\/18945","targetHints":{"allow":["GET"]}}],"collection":[{"href":"https:\/\/pujcovna-neoprenu.cz\/index.php?rest_route=\/wp\/v2\/pages"}],"about":[{"href":"https:\/\/pujcovna-neoprenu.cz\/index.php?rest_route=\/wp\/v2\/types\/page"}],"author":[{"embeddable":true,"href":"https:\/\/pujcovna-neoprenu.cz\/index.php?rest_route=\/wp\/v2\/users\/1"}],"replies":[{"embeddable":true,"href":"https:\/\/pujcovna-neoprenu.cz\/index.php?rest_route=%2Fwp%2Fv2%2Fcomments&post=18945"}],"version-history":[{"count":3,"href":"https:\/\/pujcovna-neoprenu.cz\/index.php?rest_route=\/wp\/v2\/pages\/18945\/revisions"}],"predecessor-version":[{"id":18954,"href":"https:\/\/pujcovna-neoprenu.cz\/index.php?rest_route=\/wp\/v2\/pages\/18945\/revisions\/18954"}],"wp:attachment":[{"href":"https:\/\/pujcovna-neoprenu.cz\/index.php?rest_route=%2Fwp%2Fv2%2Fmedia&parent=18945"}],"curies":[{"name":"wp","href":"https:\/\/api.w.org\/{rel}","templated":true}]}}