{"id":18882,"date":"2022-01-07T13:00:20","date_gmt":"2022-01-07T12:00:20","guid":{"rendered":"https:\/\/pujcovna-neoprenu.cz\/?page_id=18882"},"modified":"2022-02-03T10:52:00","modified_gmt":"2022-02-03T09:52:00","slug":"18882-2","status":"publish","type":"page","link":"https:\/\/pujcovna-neoprenu.cz\/?page_id=18882","title":{"rendered":"Kontakt"},"content":{"rendered":"<p>[vc_row][vc_column width=&#8220;1\/2&#8243;]<div class=\"fl-vc-custom-title-container text-left\" ><div class=\"fl-title-vc vc-default-title fl-font-style-bolt\" >Kontakt<\/div><\/div><div class=\"fl-vc-responsive--gap cf\"  style=height:20px;><\/div><div class=\"fl_custom_text__block fl-custom-text-69e3908281dad-1024\" ><div><strong>Najdete n\u00e1s:<\/strong><\/div>\n<div>\n<div><\/div>\n<div>Bor\u0161ov nad Vltavou &#8211; Po\u0159\u00ed\u010d\u00ed<\/div>\n<div>Po\u0159\u00ed\u010dsk\u00e1 169<\/div>\n<div>Mezi silni\u010dn\u00edm a \u017eelezni\u010dn\u00edm mostem<\/div>\n<div><\/div>\n<p><strong>Korespondence &#8211; p\u016fj\u010dovna:<\/strong><\/p>\n<p>Jakub Litvan<br \/>\nPo\u0159\u00ed\u010dsk\u00e1 159<br \/>\n373 82 \u00a0 Bor\u0161ov nad Vltavou &#8211; Po\u0159\u00ed\u010d\u00ed<br \/>\n<strong><br \/>\nI\u010cO<\/strong>: 08 74 67 02<br \/>\n<strong>DI\u010c<\/strong>: Nejsem pl\u00e1tce DPH<br \/>\nZaps\u00e1no u \u017divnostensk\u00e9ho \u00fa\u0159adu v \u010c. Bud\u011bjovic\u00edch dne 5.12.2019 pod \u010c. j.: \u017d\/9110\/2019\/ABo\/1034382\/5<br \/>\nmobil: 602 845 444 &#8211; POUZE PRO VOL\u00c1N\u00cd, nepos\u00edlejte sms, d\u011bkuji<\/p>\n<p>e-mail:\u00a0<a href=\"mailto:info@ka-servis.cz\" target=\"_blank\" rel=\"noopener\">info@ka-servis.cz<\/a><\/p>\n<p>P\u0159epravu materi\u00e1lu a vod\u00e1ck\u00fd obchod zaji\u0161\u0165uje Milan Litvan.<\/p>\n<\/div>\n<\/div>[\/vc_column][vc_column width=&#8220;1\/2&#8243;][vc_gallery interval=&#8220;3&#8243; images=&#8220;18887&#8243; img_size=&#8220;large&#8220;][\/vc_column][\/vc_row]<\/p>\n","protected":false},"excerpt":{"rendered":"<p>[vc_row][vc_column width=&#8220;1\/2&#8243;][\/vc_column][vc_column width=&#8220;1\/2&#8243;][vc_gallery interval=&#8220;3&#8243; images=&#8220;18887&#8243; img_size=&#8220;large&#8220;][\/vc_column][\/vc_row]<\/p>\n","protected":false},"author":1,"featured_media":0,"parent":0,"menu_order":0,"comment_status":"closed","ping_status":"closed","template":"","meta":{"footnotes":""},"class_list":["post-18882","page","type-page","status-publish","hentry"],"_links":{"self":[{"href":"https:\/\/pujcovna-neoprenu.cz\/index.php?rest_route=\/wp\/v2\/pages\/18882","targetHints":{"allow":["GET"]}}],"collection":[{"href":"https:\/\/pujcovna-neoprenu.cz\/index.php?rest_route=\/wp\/v2\/pages"}],"about":[{"href":"https:\/\/pujcovna-neoprenu.cz\/index.php?rest_route=\/wp\/v2\/types\/page"}],"author":[{"embeddable":true,"href":"https:\/\/pujcovna-neoprenu.cz\/index.php?rest_route=\/wp\/v2\/users\/1"}],"replies":[{"embeddable":true,"href":"https:\/\/pujcovna-neoprenu.cz\/index.php?rest_route=%2Fwp%2Fv2%2Fcomments&post=18882"}],"version-history":[{"count":6,"href":"https:\/\/pujcovna-neoprenu.cz\/index.php?rest_route=\/wp\/v2\/pages\/18882\/revisions"}],"predecessor-version":[{"id":18972,"href":"https:\/\/pujcovna-neoprenu.cz\/index.php?rest_route=\/wp\/v2\/pages\/18882\/revisions\/18972"}],"wp:attachment":[{"href":"https:\/\/pujcovna-neoprenu.cz\/index.php?rest_route=%2Fwp%2Fv2%2Fmedia&parent=18882"}],"curies":[{"name":"wp","href":"https:\/\/api.w.org\/{rel}","templated":true}]}}