{"id":18722,"date":"2021-10-20T13:59:21","date_gmt":"2021-10-20T11:59:21","guid":{"rendered":"https:\/\/pujcovna-neoprenu.cz\/?page_id=18722"},"modified":"2022-03-16T17:30:14","modified_gmt":"2022-03-16T16:30:14","slug":"zachranny-hazeci-pytlik","status":"publish","type":"page","link":"https:\/\/pujcovna-neoprenu.cz\/?page_id=18722","title":{"rendered":"Z\u00e1chrann\u00fd h\u00e1zec\u00ed pytl\u00edk"},"content":{"rendered":"<p>[vc_row][vc_column width=&#8220;1\/2&#8243;][vc_gallery interval=&#8220;3&#8243; images=&#8220;18814&#8243;][\/vc_column][vc_column width=&#8220;1\/2&#8243;]<div class=\"fl-vc-custom-title-container text-left\" ><div class=\"fl-title-vc vc-default-title fl-font-style-bolt\" ><strong>Z\u00e1chrann\u00fd h\u00e1zec\u00ed pytl\u00edk<\/strong><\/div><\/div><div class=\"fl-vc-responsive--gap cf\"  style=height:20px;><\/div><div class=\"fl_custom_text__block fl-custom-text-69e38f838ef32-1140\" ><p>Vnit\u0159n\u00ed nosn\u00e1 p\u011bna zaji\u0161\u0165uje plav\u00e1n\u00ed pytl\u00edku po hladin\u011b, reflexn\u00ed prou\u017eky zvy\u0161uj\u00ed bezpe\u010dnost. Vnit\u0159n\u00ed plovouc\u00ed lano 10 m d\u00e9lky o pr\u016fm\u011bru 8mm s nosnost\u00ed v tahu 8000N. Na zadn\u00ed stran\u011b komfortn\u00ed popruhov\u00fd syst\u00e9m na p\u0159ipevn\u011bn\u00ed jak v pod\u00e9ln\u00e9m tak v p\u0159\u00ed\u010dn\u00e9m sm\u011bru, pop\u0159\u00edpad\u011b zah\u00e1knut\u00ed na karabinu.<\/p>\n<p>&#8211; Vnit\u0159n\u00ed materi\u00e1l PVC Soft Foam<br \/>\n&#8211; Obal p\u0159izp\u016fsoben\u00fd vysych\u00e1n\u00ed<br \/>\n&#8211; O\u010dka na prota\u017een\u00ed popruhu (mo\u017eno p\u0159ipnout k opasku)<\/p>\n<p>&nbsp;<\/p>\n<p>Tuto polo\u017eku zakoup\u00edte na na\u0161em vod\u00e1ck\u00e9m <a href=\"https:\/\/ka-servis.cz\/Hg09107-hazeci-vak-25-m-hg-sport.html\"><span style=\"text-decoration: underline;\"><strong>obchod\u011b<\/strong><\/span><\/a>.<\/p>\n<\/div><div class=\"fl-vc-responsive--gap cf\"  style=height:20px;><\/div><div class=\"fl_custom_text__block fl-custom-text-69e38f838ef9b-7930\" ><p><strong>Cena: 35,- K\u010d \/ den<\/strong><\/p>\n<\/div>[\/vc_column][\/vc_row]<\/p>\n","protected":false},"excerpt":{"rendered":"<p>[vc_row][vc_column width=&#8220;1\/2&#8243;][vc_gallery interval=&#8220;3&#8243; images=&#8220;18814&#8243;][\/vc_column][vc_column width=&#8220;1\/2&#8243;][\/vc_column][\/vc_row]<\/p>\n","protected":false},"author":1,"featured_media":0,"parent":0,"menu_order":0,"comment_status":"closed","ping_status":"closed","template":"","meta":{"footnotes":""},"class_list":["post-18722","page","type-page","status-publish","hentry"],"_links":{"self":[{"href":"https:\/\/pujcovna-neoprenu.cz\/index.php?rest_route=\/wp\/v2\/pages\/18722","targetHints":{"allow":["GET"]}}],"collection":[{"href":"https:\/\/pujcovna-neoprenu.cz\/index.php?rest_route=\/wp\/v2\/pages"}],"about":[{"href":"https:\/\/pujcovna-neoprenu.cz\/index.php?rest_route=\/wp\/v2\/types\/page"}],"author":[{"embeddable":true,"href":"https:\/\/pujcovna-neoprenu.cz\/index.php?rest_route=\/wp\/v2\/users\/1"}],"replies":[{"embeddable":true,"href":"https:\/\/pujcovna-neoprenu.cz\/index.php?rest_route=%2Fwp%2Fv2%2Fcomments&post=18722"}],"version-history":[{"count":6,"href":"https:\/\/pujcovna-neoprenu.cz\/index.php?rest_route=\/wp\/v2\/pages\/18722\/revisions"}],"predecessor-version":[{"id":18997,"href":"https:\/\/pujcovna-neoprenu.cz\/index.php?rest_route=\/wp\/v2\/pages\/18722\/revisions\/18997"}],"wp:attachment":[{"href":"https:\/\/pujcovna-neoprenu.cz\/index.php?rest_route=%2Fwp%2Fv2%2Fmedia&parent=18722"}],"curies":[{"name":"wp","href":"https:\/\/api.w.org\/{rel}","templated":true}]}}