{"id":18718,"date":"2021-10-20T13:58:33","date_gmt":"2021-10-20T11:58:33","guid":{"rendered":"https:\/\/pujcovna-neoprenu.cz\/?page_id=18718"},"modified":"2022-03-30T19:54:37","modified_gmt":"2022-03-30T17:54:37","slug":"raftove-vesty","status":"publish","type":"page","link":"https:\/\/pujcovna-neoprenu.cz\/?page_id=18718","title":{"rendered":"Raftov\u00e9 vesty"},"content":{"rendered":"<p>[vc_row][vc_column width=&#8220;1\/2&#8243;][vc_gallery interval=&#8220;3&#8243; images=&#8220;18902,18903,18904,18905&#8243; img_size=&#8220;large&#8220;][\/vc_column][vc_column width=&#8220;1\/2&#8243;]<div class=\"fl-vc-custom-title-container text-left\" ><div class=\"fl-title-vc vc-default-title fl-font-style-bolt\" ><strong>Raftov\u00e1 vesta<\/strong><\/div><\/div><div class=\"fl-vc-responsive--gap cf\"  style=height:20px;><\/div><div class=\"fl_custom_text__block fl-custom-text-69e3795348edf-9167\" ><p>Pohodln\u00e1 vesta s velk\u00fdm v\u00fdtlakem pro individu\u00e1ln\u00ed i komer\u010dn\u00ed rafting.<br \/>\n&#8211; Vhodn\u00e1 i do extr\u00e9mn\u00edch podm\u00ednek. <strong>Tyto vesty spl\u0148uj\u00ed ve\u0161ker\u00e9 podm\u00ednky pro pou\u017eit\u00ed na divok\u00e9 vod\u011b.<\/strong><br \/>\n&#8211; V\u00fdhodou je jednoduchost obl\u00e9k\u00e1n\u00ed a dostate\u010dn\u00fd rozsah pohybu.<br \/>\n&#8211; Dota\u017een\u00ed vesty je \u0159e\u0161eno \u010dty\u0159mi popruhy s p\u0159ezkami.<br \/>\n&#8211; Komfortn\u00ed stahov\u00e1n\u00ed ramenn\u00edch popruh\u016f.<br \/>\n&#8211; Mnoho reflexn\u00edch prvk\u016f.<br \/>\n&#8211; Bo\u010dn\u00ed stahovac\u00ed popruhy a bezpe\u010dnostn\u00ed popruh mezi nohami zaji\u0161\u0165uj\u00ed vestu pevn\u011b na t\u011ble vod\u00e1ka<br \/>\n&#8211; Zkonstruov\u00e1na tak, aby vod\u00e1kovi p\u0159i p\u00e1du do vody pom\u00e1hala v p\u0159eto\u010den\u00ed na z\u00e1da a l\u00edmec automaticky dr\u017eel hlavu nad vodou.<\/p>\n<p>&nbsp;<\/p>\n<p>Tuto polo\u017eku zakoup\u00edte na na\u0161em vod\u00e1ck\u00e9m <a href=\"https:\/\/ka-servis.cz\/Hi01105-plovaci-vesta-x-treme-raft-hiko.html\"><span style=\"text-decoration: underline;\"><strong>obchod\u011b<\/strong><\/span><\/a>.<\/p>\n<\/div><div class=\"fl-vc-responsive--gap cf\"  style=height:20px;><\/div><div class=\"fl_custom_text__block fl-custom-text-69e3795348f4b-1462\" ><p><strong>Cena: 80,- K\u010d \/ den<\/strong><\/p>\n<\/div><div class=\"fl-vc-responsive--gap cf\"  style=height:20px;><\/div>[vc_single_image image=&#8220;18914&#8243; animation=&#8220;none&#8220;][\/vc_column][\/vc_row]<\/p>\n","protected":false},"excerpt":{"rendered":"<p>[vc_row][vc_column width=&#8220;1\/2&#8243;][vc_gallery interval=&#8220;3&#8243; images=&#8220;18902,18903,18904,18905&#8243; img_size=&#8220;large&#8220;][\/vc_column][vc_column width=&#8220;1\/2&#8243;][vc_single_image image=&#8220;18914&#8243; animation=&#8220;none&#8220;][\/vc_column][\/vc_row]<\/p>\n","protected":false},"author":1,"featured_media":0,"parent":0,"menu_order":0,"comment_status":"closed","ping_status":"closed","template":"","meta":{"footnotes":""},"class_list":["post-18718","page","type-page","status-publish","hentry"],"_links":{"self":[{"href":"https:\/\/pujcovna-neoprenu.cz\/index.php?rest_route=\/wp\/v2\/pages\/18718","targetHints":{"allow":["GET"]}}],"collection":[{"href":"https:\/\/pujcovna-neoprenu.cz\/index.php?rest_route=\/wp\/v2\/pages"}],"about":[{"href":"https:\/\/pujcovna-neoprenu.cz\/index.php?rest_route=\/wp\/v2\/types\/page"}],"author":[{"embeddable":true,"href":"https:\/\/pujcovna-neoprenu.cz\/index.php?rest_route=\/wp\/v2\/users\/1"}],"replies":[{"embeddable":true,"href":"https:\/\/pujcovna-neoprenu.cz\/index.php?rest_route=%2Fwp%2Fv2%2Fcomments&post=18718"}],"version-history":[{"count":16,"href":"https:\/\/pujcovna-neoprenu.cz\/index.php?rest_route=\/wp\/v2\/pages\/18718\/revisions"}],"predecessor-version":[{"id":19007,"href":"https:\/\/pujcovna-neoprenu.cz\/index.php?rest_route=\/wp\/v2\/pages\/18718\/revisions\/19007"}],"wp:attachment":[{"href":"https:\/\/pujcovna-neoprenu.cz\/index.php?rest_route=%2Fwp%2Fv2%2Fmedia&parent=18718"}],"curies":[{"name":"wp","href":"https:\/\/api.w.org\/{rel}","templated":true}]}}