{"id":18714,"date":"2021-10-20T13:56:43","date_gmt":"2021-10-20T11:56:43","guid":{"rendered":"https:\/\/pujcovna-neoprenu.cz\/?page_id=18714"},"modified":"2022-03-16T17:27:25","modified_gmt":"2022-03-16T16:27:25","slug":"vodacka-helma","status":"publish","type":"page","link":"https:\/\/pujcovna-neoprenu.cz\/?page_id=18714","title":{"rendered":"Vod\u00e1ck\u00e1 helma"},"content":{"rendered":"<p>[vc_row][vc_column width=&#8220;1\/2&#8243;][vc_gallery interval=&#8220;3&#8243; images=&#8220;18870&#8243; img_size=&#8220;large&#8220;][\/vc_column][vc_column width=&#8220;1\/2&#8243;]<div class=\"fl-vc-custom-title-container text-left\" ><div class=\"fl-title-vc vc-default-title fl-font-style-bolt\" ><strong>Vod\u00e1ck\u00e1 helma<\/strong><\/div><\/div><div class=\"fl-vc-responsive--gap cf\"  style=height:20px;><\/div><div class=\"fl_custom_text__block fl-custom-text-69e379951a873-5813\" ><p>SPREU BumPER helma je velice lehk\u00e1 a pohodln\u00e1.<br \/>\n&#8211; Vhodn\u00e1 pro v\u0161echny vodn\u00ed sporty v\u010detn\u011b z\u00e1vod\u011bn\u00ed ve vodn\u00edm slalomu.<br \/>\n&#8211; D\u00edky dotahovac\u00edmu syst\u00e9mu je helma velmi univers\u00e1ln\u00ed a padne ka\u017ed\u00e9mu.<br \/>\n&#8211; Varianta bez pastov\u00fdch kryt\u016f kolem u\u0161\u00ed.<br \/>\n<em><span style=\"text-decoration: underline;\">&#8211; Helma je vyrobena podle normy EN1385.<\/span><\/em><\/p>\n<p>&nbsp;<\/p>\n<p>Tuto polo\u017eku zakoup\u00edte na na\u0161em vod\u00e1ck\u00e9m <a href=\"https:\/\/ka-servis.cz\/Hg10620-helma-spreu-bumper-hg-sport.html\"><span style=\"text-decoration: underline;\"><strong>obchod\u011b<\/strong><\/span><\/a>.<\/p>\n<\/div><div class=\"fl-vc-responsive--gap cf\"  style=height:20px;><\/div><div class=\"fl_custom_text__block fl-custom-text-69e379951a908-9886\" ><p><strong>Cena: 60,- K\u010d \/ den<\/strong><\/p>\n<\/div>[\/vc_column][\/vc_row]<\/p>\n","protected":false},"excerpt":{"rendered":"<p>[vc_row][vc_column width=&#8220;1\/2&#8243;][vc_gallery interval=&#8220;3&#8243; images=&#8220;18870&#8243; img_size=&#8220;large&#8220;][\/vc_column][vc_column width=&#8220;1\/2&#8243;][\/vc_column][\/vc_row]<\/p>\n","protected":false},"author":1,"featured_media":0,"parent":0,"menu_order":0,"comment_status":"closed","ping_status":"closed","template":"","meta":{"footnotes":""},"class_list":["post-18714","page","type-page","status-publish","hentry"],"_links":{"self":[{"href":"https:\/\/pujcovna-neoprenu.cz\/index.php?rest_route=\/wp\/v2\/pages\/18714","targetHints":{"allow":["GET"]}}],"collection":[{"href":"https:\/\/pujcovna-neoprenu.cz\/index.php?rest_route=\/wp\/v2\/pages"}],"about":[{"href":"https:\/\/pujcovna-neoprenu.cz\/index.php?rest_route=\/wp\/v2\/types\/page"}],"author":[{"embeddable":true,"href":"https:\/\/pujcovna-neoprenu.cz\/index.php?rest_route=\/wp\/v2\/users\/1"}],"replies":[{"embeddable":true,"href":"https:\/\/pujcovna-neoprenu.cz\/index.php?rest_route=%2Fwp%2Fv2%2Fcomments&post=18714"}],"version-history":[{"count":6,"href":"https:\/\/pujcovna-neoprenu.cz\/index.php?rest_route=\/wp\/v2\/pages\/18714\/revisions"}],"predecessor-version":[{"id":18993,"href":"https:\/\/pujcovna-neoprenu.cz\/index.php?rest_route=\/wp\/v2\/pages\/18714\/revisions\/18993"}],"wp:attachment":[{"href":"https:\/\/pujcovna-neoprenu.cz\/index.php?rest_route=%2Fwp%2Fv2%2Fmedia&parent=18714"}],"curies":[{"name":"wp","href":"https:\/\/api.w.org\/{rel}","templated":true}]}}