{"id":18710,"date":"2021-10-20T13:56:05","date_gmt":"2021-10-20T11:56:05","guid":{"rendered":"https:\/\/pujcovna-neoprenu.cz\/?page_id=18710"},"modified":"2022-03-16T17:26:11","modified_gmt":"2022-03-16T16:26:11","slug":"neoprenove-boty","status":"publish","type":"page","link":"https:\/\/pujcovna-neoprenu.cz\/?page_id=18710","title":{"rendered":"Neoprenov\u00e9 boty"},"content":{"rendered":"<p>[vc_row][vc_column width=&#8220;1\/2&#8243;][vc_gallery interval=&#8220;3&#8243; images=&#8220;18836,18837,18835&#8243; img_size=&#8220;large&#8220;][\/vc_column][vc_column width=&#8220;1\/2&#8243;]<div class=\"fl-vc-custom-title-container text-left\" ><div class=\"fl-title-vc vc-default-title fl-font-style-bolt\" >Neoprenov\u00e9 boty<\/div><\/div><div class=\"fl-vc-responsive--gap cf\"  style=height:20px;><\/div><div class=\"fl_custom_text__block fl-custom-text-69e3795345cfb-2772\" ><p>&#8211; Vysok\u00e9 neoprenov\u00e9 boty z 5mm siln\u00e9ho neoprenu se zes\u00edlenou<br \/>\npodr\u00e1\u017ekou<br \/>\n&#8211; Od\u011bruvzdorn\u00e9 v\u00fdztuhy chr\u00e1n\u00ed prsty, patu a cel\u00fd n\u00e1rt<br \/>\n&#8211; Pohodln\u00e9 zouv\u00e1n\u00ed a obouv\u00e1n\u00ed d\u00edky bo\u010dn\u00edmu zipu<br \/>\n&#8211;\u00a0Thermoplush &#8211; vnit\u0159n\u00ed izola\u010dn\u00ed vrstva poskytuje bot\u00e1m vysok\u00fd tepeln\u00fd<br \/>\nkomfort<\/p>\n<p>&nbsp;<\/p>\n<p>Tuto polo\u017eku zakoup\u00edte na na\u0161em vod\u00e1ck\u00e9m <a href=\"https:\/\/ka-servis.cz\/Hi07520-neoprenove-boty-rafter-hiko.html\"><span style=\"text-decoration: underline;\"><strong>obchod\u011b<\/strong><\/span><\/a>.<\/p>\n<\/div><div class=\"fl-vc-responsive--gap cf\"  style=height:20px;><\/div><div class=\"fl_custom_text__block fl-custom-text-69e3795345d9c-9456\" ><p><strong>Cena: 60,- K\u010d \/ den<\/strong><\/p>\n<\/div>[\/vc_column][\/vc_row][vc_row][vc_column width=&#8220;1\/2&#8243;]<div class=\"fl-vc-custom-title-container text-left\" ><div class=\"fl-title-vc vc-default-title fl-font-style-bolt fl-custom-title-69e3795345e33-4456\" >Neoprenov\u00e9 boty &#8211; d\u011btsk\u00e9<\/div><\/div><div class=\"fl-vc-responsive--gap cf\"  style=height:20px;><\/div><div class=\"fl_custom_text__block fl-custom-text-69e3795345ea2-1326\" ><p>Vnit\u0159n\u00ed strana bot zateplena Thermoplush izola\u010dn\u00ed vrstvou, kter\u00e1 udr\u017e\u00ed nohu v teple a pohodl\u00ed. D\u00edky bo\u010dn\u00edmu zipu se boty pohodln\u011b obouvaj\u00ed a zouvaj\u00ed. Gumov\u00e9 zes\u00edlen\u00ed chr\u00e1n\u00ed exponovan\u00e1 m\u00edsta proti prod\u0159en\u00ed.<\/p>\n<\/div><div class=\"fl-vc-responsive--gap cf\"  style=height:20px;><\/div><div class=\"fl_custom_text__block fl-custom-text-69e3795345f17-7558\" ><p><strong>Cena: 60,- K\u010d \/ den<\/strong><\/p>\n<\/div>[\/vc_column][vc_column width=&#8220;1\/2&#8243;][vc_gallery interval=&#8220;3&#8243; images=&#8220;18973,18974,18975&#8243; img_size=&#8220;large&#8220;][\/vc_column][\/vc_row]<\/p>\n","protected":false},"excerpt":{"rendered":"<p>[vc_row][vc_column width=&#8220;1\/2&#8243;][vc_gallery interval=&#8220;3&#8243; images=&#8220;18836,18837,18835&#8243; img_size=&#8220;large&#8220;][\/vc_column][vc_column width=&#8220;1\/2&#8243;][\/vc_column][\/vc_row][vc_row][vc_column width=&#8220;1\/2&#8243;][\/vc_column][vc_column width=&#8220;1\/2&#8243;][vc_gallery interval=&#8220;3&#8243; images=&#8220;18973,18974,18975&#8243; img_size=&#8220;large&#8220;][\/vc_column][\/vc_row]<\/p>\n","protected":false},"author":1,"featured_media":0,"parent":0,"menu_order":0,"comment_status":"closed","ping_status":"closed","template":"","meta":{"footnotes":""},"class_list":["post-18710","page","type-page","status-publish","hentry"],"_links":{"self":[{"href":"https:\/\/pujcovna-neoprenu.cz\/index.php?rest_route=\/wp\/v2\/pages\/18710","targetHints":{"allow":["GET"]}}],"collection":[{"href":"https:\/\/pujcovna-neoprenu.cz\/index.php?rest_route=\/wp\/v2\/pages"}],"about":[{"href":"https:\/\/pujcovna-neoprenu.cz\/index.php?rest_route=\/wp\/v2\/types\/page"}],"author":[{"embeddable":true,"href":"https:\/\/pujcovna-neoprenu.cz\/index.php?rest_route=\/wp\/v2\/users\/1"}],"replies":[{"embeddable":true,"href":"https:\/\/pujcovna-neoprenu.cz\/index.php?rest_route=%2Fwp%2Fv2%2Fcomments&post=18710"}],"version-history":[{"count":6,"href":"https:\/\/pujcovna-neoprenu.cz\/index.php?rest_route=\/wp\/v2\/pages\/18710\/revisions"}],"predecessor-version":[{"id":18991,"href":"https:\/\/pujcovna-neoprenu.cz\/index.php?rest_route=\/wp\/v2\/pages\/18710\/revisions\/18991"}],"wp:attachment":[{"href":"https:\/\/pujcovna-neoprenu.cz\/index.php?rest_route=%2Fwp%2Fv2%2Fmedia&parent=18710"}],"curies":[{"name":"wp","href":"https:\/\/api.w.org\/{rel}","templated":true}]}}